4. Let u(l) = -i*l**3 + 4 - 6*l**2 + 5*l**2 + 6*l**2 + l**3 - 5*l. Let p = -11 + 15. Give u(p).
0
Let y(h) = 3*h + 12. Let o(v) = -2*v - 2. Let x(z) = 3*o(z) + y(z). Determine x(6).
-12
Let g(n) = n**3 + 2*n**2 + 2*n - 1. Let u be g(-2). Let k(r) = 10 + 1 + 0 - 12. Let h(y) = y**2 + 5*y - 4. Let t(q) = -h(q) + 2*k(q). Determine t(u).
2
Let t(j) = -j - 12. Let y = -1970 - -1960. Calculate t(y).
-2
Let b be 0 + -1 + -9 - -3. Let f(t) = -7*t**2 + 10*t + t**3 - 4*t + 9*t**2 + 7 + 6*t**2. Calculate f(b).
14
Let w(m) = 5*m**2 + 15*m - m**3 - 4*m - 3 - 4*m. Suppose 4*j - 4*z + z + 77 = 0, -1 = z. Let k = j + 26. Determine w(k).
3
Let g(v) = -v + 1. Suppose 4*k - 35 = -3*k. What is g(k)?
-4
Let a(w) = -w + 8. Let n be a(14). Let r(f) = -2*f**3 + 4*f**2 + 8*f + 9. Let t(j) = j**3 + j**2. Let q(l) = -r(l) - 3*t(l). What is q(n)?
3
Let b(w) = -w**3 - 13*w**2 - 24*w - 23. Let c be b(-11). Let r(d) be the third derivative of 0*d**4 + 0 + 1/30*d**6 - d**2 + 0*d + 0*d**5 - 1/6*d**3. Give r(c).
-5
Let y(s) = -s**3 + s**2 - 2*s + 5. Suppose -4*q = -2*v - 12, 3*v + 6 = q - 2. Give y(q).
-3
Let q(j) = 7*j + 1. Suppose 0 = m + 4*m + 25, -3*m = z + 13. Suppose 5*i = z*i. Suppose -2*k + 0 + 2 = i. What is q(k)?
8
Let a(z) be the second derivative of -z**5/5 + z**4/12 - z**3/3 + z**2/2 - 15*z. Calculate a(1).
-4
Suppose -3*m + 1 = -2*p - 2*p, 2*p - 4 = 0. Suppose 4*y - 9 - m = 0. Suppose -y = 2*z - 5*z. Let v(l) = l**3 + 2*l**2 - 1. Calculate v(z).
2
Let t(g) = -56*g - 3. Let p be t(0). Let d(w) be the third derivative of -5*w**4/24 + w**3/3 + 3*w**2. Determine d(p).
17
Let k(w) be the third derivative of 1/60*w**5 + 0*w - 1/3*w**3 - 1/120*w**6 + 1/12*w**4 + 0 + 22*w**2. Calculate k(2).
-2
Let g(q) = -q - 3. Let n(r) = -4*r + 9. Let l be n(5). Let z = l + 16. Calculate g(z).
-8
Let t(k) = -k**2 - 2*k + 1. Suppose x - 3 = 2*x. Let b be t(x). Let i = -8 - b. Let r(v) = -v**2 - 5*v + 6. What is r(i)?
0
Let u = 10 + -3. Let y(m) = -28*m. Let d(s) = -47*s. Let z(o) = 3*d(o) - 5*y(o). Give z(u).
-7
Suppose 3*o - 8 = a, 0*o = -4*o + 3*a + 9. Let q(v) be the second derivative of 1/6*v**o - 1/20*v**5 + 3*v - 2*v**2 + 0*v**4 + 0. Calculate q(0).
-4
Let s(m) be the first derivative of 2/3*m**3 - 5/12*m**4 - 11 - m**2 - 1/20*m**5 + 11*m. Let i(h) be the first derivative of s(h). What is i(-6)?
10
Suppose 2*z + 3*w = 13, 22*z = 26*z + 2*w - 14. Let c(r) = -11*r**2 - 2*r + 2. What is c(z)?
-46
Let j(h) = 172*h + 10 + 180*h - 353*h. Determine j(7).
3
Let s = 192 + -190. Let n(b) be the third derivative of -s*b**2 + 0*b - 1/6*b**3 - 1/24*b**4 + 0*b**5 + 0 - 1/120*b**6. Give n(0).
-1
Let z be 1 - 8/(-2)*12/(-16). Let i(m) = m**3 + 5*m**2 + 2*m. Calculate i(z).
8
Suppose 0 = 4*h - 0*h + m - 16, 19 = 5*h + m. Let s(t) be the third derivative of t**5/60 - t**4/24 + t**3/6 + 145*t**2. Determine s(h).
7
Let b(j) = 60*j + 2. Let y(p) = -30*p - 1. Let u(z) = -2*b(z) - 5*y(z). What is u(1)?
31
Suppose g - 14 = 2*g + 5*f, -5*g + 3*f = -42. Let v(l) = 2*l**3 - 7*l**3 + 1 - 10*l**2 - g*l - 3*l + 4*l**3. Determine v(-9).
1
Let g(j) be the second derivative of -j**3/3 - 3*j**2 - 10*j. Calculate g(7).
-20
Let o(f) = 12 - 17 + 2*f + 10. Let t = -1 + 6. Suppose -20 = -x + t*x. Calculate o(x).
-5
Let j(s) be the second derivative of -s**3/6 + s**2 - 2*s - 4. Let a = 18 - 13. Determine j(a).
-3
Let r(a) be the first derivative of -11*a**3/3 - a**2 + 368. Calculate r(2).
-48
Let q(u) = -u**2 - 5*u + 1. Suppose 0*x = 4*x - 16. Let m be -3*(x/(-12) + -2). Suppose -2*n = -m + 15. Give q(n).
5
Let h be ((-20)/30)/((-2)/(-3)). Let m be -6 - h - (-5 - -1). Let f(b) = b. Let j(n) = -n**2 - 2*n + 1. Let i(p) = 4*f(p) + j(p). Determine i(m).
-2
Let w be (-2 + 3 - 2)/((-1)/2). Let r(y) = 4 - 4*y**w + y**3 + 5*y**2 - 5 + 4*y**3. Determine r(1).
5
Let c(y) = -4*y - 24. Let u(t) = 8*t + 40. Let g(j) = -5*c(j) - 3*u(j). What is g(-7)?
28
Let n(g) be the first derivative of -19*g**2/2 + g + 20. What is n(1)?
-18
Let z = -75 - -78. Let d(w) be the second derivative of w**4/12 - w**3/6 + w**2 + w. Give d(z).
8
Let n(l) = l**3 + 3*l**2 - 1. Let i be n(1). Suppose -7 = 2*y + w, 3*y - 5*w + i*w = -7. Let q(t) = -t**3 - 3*t**2 - 2*t + 1. Calculate q(y).
7
Let b(p) = p**2 + 3*p + 2. Suppose -5*u + 2 = x - 54, -2 = -2*u. Let h = x - 53. Give b(h).
0
Let c = 759 + -764. Let g(p) = -p**3 - 5*p**2 - 2. Determine g(c).
-2
Suppose r + 0*r = 3*l - 11, -r = -5*l + 17. Let s(d) = 8 + d**2 + l*d**3 + 3*d**3 - 9. Let a = -16 + 17. Determine s(a).
6
Let b be (-149)/(-7) + (-2)/7. Suppose 20*x - b*x - 5 = 0. Let m(o) = o**3 + 4*o**2 - 4*o. What is m(x)?
-5
Let j(m) be the first derivative of m**2/2 - 8*m + 252. Determine j(5).
-3
Let x(n) be the third derivative of -n**4/24 + 5*n**3/2 + 3*n**2 - 13. Give x(7).
8
Let x(w) = 4*w**3 + 9*w**2 - 4*w - 5. Let s(d) = -5*d**3 - 10*d**2 + 3*d + 7. Let b(m) = 3*s(m) + 4*x(m). Determine b(-7).
1
Let b(i) = -i**3 - 2*i**2 - i - 1. Suppose 0 = -2*q - 3 - 3, 5*h + 2*q = 14. Suppose -h*z = 5 + 7. Calculate b(z).
11
Let j(n) = -n**2 + 2*n + 1. Let f = -7 - -6. Let t = f - -1. Suppose t = -5*i - 2 - 3. Determine j(i).
-2
Let z(c) = -10*c - 5*c**2 - 3*c**2 - 3*c**2 - c**3 + 5*c**2 - 5*c**2 - 7. What is z(-10)?
-7
Suppose -3 = 3*s, -5*o + o - 5*s = 17. Let g be (-6)/(-4) + o/(-2). Let u(q) = -2 - 1 - q**3 + 3*q**2 + 2*q**g - 2*q. Determine u(-2).
5
Suppose 0 = 4*i - 2*p - 8, 2*i = -3*p - 2*p - 8. Let y(a) = -5*a**3 + a. Let d be y(i). Let x(h) = h**2 + 4*h + 3. Determine x(d).
3
Suppose -2*c + 3*p = -3 + 11, 7 = 3*c + 5*p. Let l(o) be the third derivative of o**5/60 + o**4/12 + o**3/3 - 4*o**2. Give l(c).
1
Let t be 0*(-2)/4*-2. Let h(w) be the third derivative of -13*w**2 + 0*w**4 + 11/6*w**3 - 1/60*w**5 + 0 + 0*w. Determine h(t).
11
Let r(x) be the third derivative of x**6/120 - 3*x**5/20 + 5*x**4/8 - 4*x**3/3 - 16*x**2 - 11*x. What is r(7)?
-1
Let v(n) = 6*n**2 - 4 - n**3 - 4*n**2 - 3*n + 5*n. Let r = 21 + -18. What is v(r)?
-7
Let c(p) be the second derivative of -p**5/20 + 13*p**4/12 - p**3/6 + 8*p**2 - 24*p + 1. Give c(13).
3
Let q(o) = 11*o**3 + 3*o**2 + 19*o - 3. Let k(h) = -13*h**3 - 5*h**2 - 20*h + 4. Let i(w) = -6*k(w) - 7*q(w). What is i(-10)?
27
Let j = 218 + -211. Let w(u) = -5*u**3 - 5*u**2 - 2*u - 6. Let y(m) = 3*m**2 + 6*m**3 + 7 + 2*m**2 + m**2 + 2*m. Let o(n) = j*w(n) + 6*y(n). Give o(2).
8
Let z be ((-4)/(-20))/(15/25). Let t(a) be the third derivative of 4*a**2 - 1/60*a**5 + 0 + 0*a + 1/6*a**4 - z*a**3. Calculate t(4).
-2
Let y(u) be the third derivative of u**6/120 - 3*u**5/20 - 13*u**4/24 + 4*u**3/3 + 11*u**2 + 2*u. Give y(10).
-22
Let f(k) = -k**2 + k + 35. Let i be f(7). Let b(s) = -s**3 - 8*s**2 - 10*s - 17. Give b(i).
4
Let t(o) = -4*o - 4. Let n(q) be the first derivative of -q**3/3 - 3*q**2/2 + 37*q + 46. Let z be n(5). Calculate t(z).
8
Suppose -8*n - 3 - 37 = 0. Let g(c) be the third derivative of c**4/6 + 2*c**3/3 - 14*c**2. Determine g(n).
-16
Suppose 24 = -401*n + 393*n. Let f(l) = -3 - 6*l + 6 - 1 - 4. Determine f(n).
16
Let i(t) be the third derivative of -t**5/12 - 5*t**4/24 + 4*t**3/3 + 18*t**2. Let o(q) = -3 - 6*q**2 + 12 + 3*q - 9*q. Let l(b) = 5*i(b) - 4*o(b). Give l(0).
4
Let i = -11 - -13. Suppose 0 = -0*s + 2*s - 2. Let d(c) = -4*c + i + 5*c + s. Determine d(-6).
-3
Let k be 0 + (0/(2 + -5) - -111). Let d be ((-36)/30)/(-2 - k/(-60)). Let r(y) = -y**2 + 6*y + 11. What is r(d)?
-5
Let d(y) be the first derivative of -y**7/840 + y**6/72 + 7*y**4/24 - 5*y**3/3 + 6. Let z(i) be the third derivative of d(i). Give z(5).
7
Let w be 2 + 12/((-8)/2). Let i be -2*((-36)/(-8) + w). Let n(q) = 2*q + 8. What is n(i)?
-6
Let o(j) = -5*j + 3. Let r be (-3 - -2)*(10 + -7). Determine o(r).
18
Let b be (-168)/(-40) - 30/25. Let w(u) = -u**3 + u**2 + 6*u - 6. Give w(b).
-6
Suppose 5*n + 10 = 5*b, -3*b + 2*b + 5 = 2*n. Let y(l) = 20*l**2 + 1. What is y(n)?
21
Let x(o) = -o**2 - 5*o + 12. Suppose z = d + 7, 4*d + 14 = z - 8. Determine x(d).
12
Suppose -9*l = -15*l + 18. Let z(h) = 3*h**2 + h**l + 3*h**2 - 4*h**2 + 4 + 4*h**2 + 7*h. Give z(-5).
-6
Let g(f) be the first derivative of -3*f**2/2 - 2*f + 341. What is g(-6)?
16
Let z = 470 - 480. Let p(b) = -b**3 - 9*b**2 + 9*b + 6. Determine p(z).
16
Let t(j) = -7 + 256*j + 256*j - 511*j. Give t(12).
5
Let u(h) be the second deriva